is divided by 180.
127
Calculate the remainder when 1771919 is divided by 295315.
29
What is the remainder when 59321049 is divided by 41?
35
Calculate the remainder when 1091181930 is divided by 2891.
2890
What is the remainder when 282729 is divided by 28269?
39
Calculate the remainder when 122592 is divided by 908.
12
Calculate the remainder when 69916811 is divided by 117.
68
What is the remainder when 69249 is divided by 9030?
6039
Calculate the remainder when 1387307 is divided by 22018.
173
Calculate the remainder when 591169 is divided by 591144.
25
Calculate the remainder when 10596330 is divided by 1755.
1395
What is the remainder when 19294909 is divided by 433?
429
What is the remainder when 81147 is divided by 456?
435
Calculate the remainder when 9269833 is divided by 319649.
12
Calculate the remainder when 2988886 is divided by 498046.
610
Calculate the remainder when 3071553 is divided by 645.
63
What is the remainder when 19387 is divided by 746?
737
Calculate the remainder when 1545720 is divided by 309126.
90
What is the remainder when 610147 is divided by 217?
160
What is the remainder when 6509437 is divided by 640?
637
What is the remainder when 131237 is divided by 43649?
290
Calculate the remainder when 8181 is divided by 1852.
773
What is the remainder when 772322 is divided by 293?
267
Calculate the remainder when 79237 is divided by 4530.
2227
Calculate the remainder when 29164368 is divided by 2086.
2
Calculate the remainder when 4972335 is divided by 69.
57
What is the remainder when 1998930 is divided by 1985?
35
Calculate the remainder when 92625208 is divided by 558.
556
Calculate the remainder when 110448 is divided by 9065.
1668
Calculate the remainder when 22731023 is divided by 187.
51
Calculate the remainder when 1197325 is divided by 3849.
286
Calculate the remainder when 3485256 is divided by 4647.
6
What is the remainder when 238175 is divided by 236995?
1180
What is the remainder when 124257018 is divided by 3186077?
15
Calculate the remainder when 6394071 is divided by 56.
47
Calculate the remainder when 24021900 is divided by 511.
301
Calculate the remainder when 4458763 is divided by 3925.
3888
What is the remainder when 1673240 is divided by 72749?
13
Calculate the remainder when 43542273 is divided by 43542260.
13
Calculate the remainder when 12865174 is divided by 1113.
7
What is the remainder when 4069633 is divided by 8964?
8941
What is the remainder when 4817113 is divided by 6700?
6513
Calculate the remainder when 19011838 is divided by 1076.
1070
Calculate the remainder when 2075089 is divided by 1037524.
41
Calculate the remainder when 818186 is divided by 272724.
14
Calculate the remainder when 224909945 is divided by 218.
217
What is the remainder when 27319723 is divided by 29313?
7
Calculate the remainder when 5939149 is divided by 104195.
34
What is the remainder when 6327540 is divided by 225983?
16
Calculate the remainder when 707627 is divided by 705506.
2121
Calculate the remainder when 5049038 is divided by 280502.
2
What is the remainder when 1679 is divided by 1465?
214
What is the remainder when 1644790 is divided by 972?
166
What is the remainder when 3380 is divided by 1663?
54
Calculate the remainder when 505973 is divided by 204.
53
What is the remainder when 38146748 is divided by 50?
48
Calculate the remainder when 1334580 is divided by 8665.
170
Calculate the remainder when 788558 is divided by 889.
15
What is the remainder when 48368 is divided by 1556?
132
Calculate the remainder when 120756236 is divided by 3.
2
Calculate the remainder when 78259 is divided by 3980.
2639
Calculate the remainder when 775958 is divided by 1508.
846
Calculate the remainder when 28580979 is divided by 269.
267
What is the remainder when 1845083 is divided by 2415?
23
What is the remainder when 10763330 is divided by 2811?
11
What is the remainder when 406995 is divided by 406981?
14
What is the remainder when 101158436 is divided by 65?
41
Calculate the remainder when 41604207 is divided by 545.
542
What is the remainder when 84326 is divided by 863?
615
Calculate the remainder when 533749359 is divided by 16.
15
Calculate the remainder when 1559141 is divided by 1617.
353
What is the remainder when 52675041 is divided by 12?
9
Calculate the remainder when 172961 is divided by 33826.
3831
Calculate the remainder when 450055 is divided by 472.
239
What is the remainder when 105394109 is divided by 162?
149
What is the remainder when 5721250 is divided by 70?
10
Calculate the remainder when 844535 is divided by 3563.
104
What is the remainder when 1342890 is divided by 1342874?
16
Calculate the remainder when 225420 is divided by 10635.
2085
Calculate the remainder when 66255522 is divided by 22085172.
6
What is the remainder when 1498068 is divided by 646?
640
Calculate the remainder when 102716 is divided by 1071.
971
What is the remainder when 1472195 is divided by 735991?
213
Calculate the remainder when 123820236 is divided by 2433.
0
Calculate the remainder when 246078 is divided by 123025.
28
Calculate the remainder when 70570869 is divided by 1598.
1591
What is the remainder when 22107 is divided by 10712?
683
What is the remainder when 25747 is divided by 6806?
5329
What is the remainder when 76516019 is divided by 5675?
5669
What is the remainder when 28824 is divided by 851?
741
Calculate the remainder when 48963653 is divided by 11529.
11519
What is the remainder when 1297849 is divided by 144204?
13
Calculate the remainder when 1173301 is divided by 3096.
3013
Calculate the remainder when 172245096 is divided by 1763.
1759
What is the remainder when 15146883 is divided by 331?
323
Calculate the remainder when 1508006 is divided by 908.
726
Calculate the remainder when 427521 is divided by 2560.
1
What is the remainder when 25840581 is divided by 56?
53
What is the remainder when 257643673 is divided by 9909372?
1
Calculate the remainder when 1404090 is divided by 1062.
126
What is the remainder when 116443243 is divided by 3?
1
Calculate the remainder when 2881396 is divided by 4545.
4411
What is the remainder when 3537 is divided by 880?
17
Calculate the remainder when 311475 is divided by 20757.
120
What is the remainder when 1960989 is divided by 103?
75
What is the remainder when 9730499 is divided by 9?
5
Calculate the remainder when 9638564 is divided by 2165.
2149
What is the remainder when 77364543 is divided by 377?
373
What is the remainder when 571803 is divided by 542?
535
Calculate the remainder when 6157862 is divided by 729.
728
What is the remainder when 79139425 is divided by 14?
1
What is the remainder when 1228493 is divided by 409452?
137
What is the remainder when 1508526 is divided by 618?
606
Calculate the remainder when 1197044 is divided by 890.
884
Calculate the remainder when 12360467 is divided by 12.
11
Calculate the remainder when 22898 is divided by 3007.
1849
Calculate the remainder when 4730089 is divided by 1053.
13
What is the remainder when 55430730 is divided by 5132?
5130
Calculate the remainder when 170951 is divided by 166661.
4290
What is the remainder when 4804168 is divided by 2028?
1864
What is the remainder when 4024552 is divided by 3159?
3145
What is the remainder when 80424182 is divided by 21?
20
What is the remainder when 59603429 is divided by 6682?
6671
What is the remainder when 139448 is divided by 191?
18
What is the remainder when 28732930 is divided by 711?
709
What is the remainder when 56185710 is divided by 156506?
56
What is the remainder when 63990 is divided by 31361?
1268
What is the remainder when 81461394 is divided by 13800?
13794
What is the remainder when 131460 is divided by 341?
175
Calculate the remainder when 1912975216 is divided by 1386.
1384
What is the remainder when 23348 is divided by 22778?
570
What is the remainder when 8763631 is divided by 4277?
58
What is the remainder when 1673123 is divided by 2627?
2351
What is the remainder when 159712 is divided by 400?
112
Calculate the remainder when 273252 is divided by 34032.
996
Calculate the remainder when 65211958 is divided by 1945.
1943
What is the remainder when 3605628 is divided by 1176?
12
Calculate the remainder when 1434788 is divided by 